{"version":"1.0","provider_name":"Chalet Rental, Management &amp; Concierge Les Gets","provider_url":"http:\/\/alpichalets.com\/fr\/","author_name":"Ben","author_url":"http:\/\/alpichalets.com\/fr\/author\/ben\/","title":"1. Pr\u00e9-saison d'hiver - Chalet Rental, Management &amp; Concierge Les Gets","type":"rich","width":600,"height":338,"html":"<blockquote class=\"wp-embedded-content\" data-secret=\"yMbArtxc2V\"><a href=\"http:\/\/alpichalets.com\/fr\/1-pre-saison-dhiver\/\">1. Pr\u00e9-saison d&rsquo;hiver<\/a><\/blockquote><iframe sandbox=\"allow-scripts\" security=\"restricted\" src=\"http:\/\/alpichalets.com\/fr\/1-pre-saison-dhiver\/embed\/#?secret=yMbArtxc2V\" width=\"600\" height=\"338\" title=\"\u00ab\u00a01. Pr\u00e9-saison d&rsquo;hiver\u00a0\u00bb &#8212; Chalet Rental, Management &amp; Concierge Les Gets\" data-secret=\"yMbArtxc2V\" frameborder=\"0\" marginwidth=\"0\" marginheight=\"0\" scrolling=\"no\" class=\"wp-embedded-content\"><\/iframe><script>\n\/*! This file is auto-generated *\/\n!function(d,l){\"use strict\";l.querySelector&&d.addEventListener&&\"undefined\"!=typeof URL&&(d.wp=d.wp||{},d.wp.receiveEmbedMessage||(d.wp.receiveEmbedMessage=function(e){var t=e.data;if((t||t.secret||t.message||t.value)&&!\/[^a-zA-Z0-9]\/.test(t.secret)){for(var s,r,n,a=l.querySelectorAll('iframe[data-secret=\"'+t.secret+'\"]'),o=l.querySelectorAll('blockquote[data-secret=\"'+t.secret+'\"]'),c=new RegExp(\"^https?:$\",\"i\"),i=0;i<o.length;i++)o[i].style.display=\"none\";for(i=0;i<a.length;i++)s=a[i],e.source===s.contentWindow&&(s.removeAttribute(\"style\"),\"height\"===t.message?(1e3<(r=parseInt(t.value,10))?r=1e3:~~r<200&&(r=200),s.height=r):\"link\"===t.message&&(r=new URL(s.getAttribute(\"src\")),n=new URL(t.value),c.test(n.protocol))&&n.host===r.host&&l.activeElement===s&&(d.top.location.href=t.value))}},d.addEventListener(\"message\",d.wp.receiveEmbedMessage,!1),l.addEventListener(\"DOMContentLoaded\",function(){for(var e,t,s=l.querySelectorAll(\"iframe.wp-embedded-content\"),r=0;r<s.length;r++)(t=(e=s[r]).getAttribute(\"data-secret\"))||(t=Math.random().toString(36).substring(2,12),e.src+=\"#?secret=\"+t,e.setAttribute(\"data-secret\",t)),e.contentWindow.postMessage({message:\"ready\",secret:t},\"*\")},!1)))}(window,document);\n\/\/# sourceURL=http:\/\/alpichalets.com\/wp-includes\/js\/wp-embed.min.js\n<\/script>\n","description":"PRE-SAISON Flexi Catered &amp; Self Catered Chalets Demande de renseignements Propri\u00e9t\u00e9s Alpichalets Situ\u00e9 au c\u0153ur de la communaut\u00e9 des Gets, Alpichalets offre un avantage distinct \u00e0 chaque propri\u00e9taire. Nos liens \u00e9troits avec la communaut\u00e9 nous permettent d&rsquo;avoir un acc\u00e8s exclusif \u00e0 un r\u00e9seau d&rsquo;artisans qualifi\u00e9s. Ces artisans jouent un r\u00f4le essentiel dans le fonctionnement sans&hellip; Poursuivre la lecture Sans titre"}

1. Pré-saison d'hiver - Chalet Rental, Management &amp; Concierge Les Gets

<blockquote class="wp-embedded-content" data-secret="yMbArtxc2V"><a href="http://alpichalets.com/fr/1-pre-saison-dhiver/">1. Pré-saison d&rsquo;hiver</a></blockquote><iframe sandbox="allow-scripts" security="restricted" src="http://alpichalets.com/fr/1-pre-saison-dhiver/embed/#?secret=yMbArtxc2V" width="600" height="338" title="« 1. Pré-saison d&rsquo;hiver » &#8212; Chalet Rental, Management &amp; Concierge Les Gets" data-secret="yMbArtxc2V" frameborder="0" marginwidth="0" marginheight="0" scrolling="no" class="wp-embedded-content"></iframe><script>
/*! This file is auto-generated */
!function(d,l){"use strict";l.querySelector&&d.addEventListener&&"undefined"!=typeof URL&&(d.wp=d.wp||{},d.wp.receiveEmbedMessage||(d.wp.receiveEmbedMessage=function(e){var t=e.data;if((t||t.secret||t.message||t.value)&&!/[^a-zA-Z0-9]/.test(t.secret)){for(var s,r,n,a=l.querySelectorAll('iframe[data-secret="'+t.secret+'"]'),o=l.querySelectorAll('blockquote[data-secret="'+t.secret+'"]'),c=new RegExp("^https?:$","i"),i=0;i<o.length;i++)o[i].style.display="none";for(i=0;i<a.length;i++)s=a[i],e.source===s.contentWindow&&(s.removeAttribute("style"),"height"===t.message?(1e3<(r=parseInt(t.value,10))?r=1e3:~~r<200&&(r=200),s.height=r):"link"===t.message&&(r=new URL(s.getAttribute("src")),n=new URL(t.value),c.test(n.protocol))&&n.host===r.host&&l.activeElement===s&&(d.top.location.href=t.value))}},d.addEventListener("message",d.wp.receiveEmbedMessage,!1),l.addEventListener("DOMContentLoaded",function(){for(var e,t,s=l.querySelectorAll("iframe.wp-embedded-content"),r=0;r<s.length;r++)(t=(e=s[r]).getAttribute("data-secret"))||(t=Math.random().toString(36).substring(2,12),e.src+="#?secret="+t,e.setAttribute("data-secret",t)),e.contentWindow.postMessage({message:"ready",secret:t},"*")},!1)))}(window,document);
//# sourceURL=http://alpichalets.com/wp-includes/js/wp-embed.min.js
</script>

PRE-SAISON Flexi Catered &amp; Self Catered Chalets Demande de renseignements Propriétés Alpichalets Situé au cœur de la communauté des Gets, Alpichalets offre un avantage distinct à chaque propriétaire. Nos liens étroits avec la communauté nous permettent d&rsquo;avoir un accès exclusif à un réseau d&rsquo;artisans qualifiés. Ces artisans jouent un rôle essentiel dans le fonctionnement sans&hellip; Poursuivre la lecture Sans titre
